 + 12 + 3 + (-2 - (0 + -2))
-1
Calculate (-20 - -49) + -33 - 5.
-9
Evaluate -26 + 16 - (16 + (-7 - -1)).
-20
6 - (17 + 2) - (17 - 27)
-3
31 - (-13 + 24 + -13 - (1 + -8))
26
Calculate (0 - (-26 + 3)) + -4 - (-2 + 2).
19
Calculate 1 + 2 - 12 - (22 - 24).
-7
1 - -1 - ((-12 - -32) + -21) - 36
-33
-1 - (33 + (0 - 44) - (-22 - -1))
-11
Evaluate 614 + -594 + -3 + 5.
22
What is the value of -5 + 9 + (-1 - 2) + (13 - 14)?
0
What is the value of (-37 - (-47 - -28)) + -1 + -1?
-20
What is 6 + 3 + -2 + 62 + -82?
-13
What is the value of 32 - ((35 - -17) + 3)?
-23
-11 + (19 - 5 - 5) + -16
-18
What is the value of -4 - (-11 + (15 - 3))?
-5
Evaluate -86 + 74 - (-2 + 0).
-10
What is the value of 8 + 8 + -10 + 2 - 15?
-7
What is 21 - (11 - (-7 - 6))?
-3
(19 - 3) + (56 - 69)
3
34 + (-26 - -20) + -15
13
What is the value of 18 - (13 + 3 + -3) - (0 - 5)?
10
Evaluate -2 - ((-4 + 0 - -5) + -4 + 3).
-2
Calculate (-3 - -7) + -10 + 14 + -11.
-3
Evaluate 5 + 0 - (160 + -145) - 5.
-15
(-14 - (9 - 12)) + 5 + 2 - -3
-1
What is the value of 17 + -4 - 10 - 2?
1
Evaluate 974 - 990 - (1 + 11).
-28
What is the value of -70 - (-67 + -10 + 45)?
-38
What is the value of -22 - (-50 - -4) - 20?
4
What is -38 + 40 - (14 - -1)?
-13
What is the value of -4 + (-3 - 1) + -8 + (10 - 6)?
-12
Evaluate (-6 - -1) + (-3 - -8) + -9 + 2.
-7
What is the value of 10 + (-2 - (-2 + 0 - 2 - -6))?
6
Calculate 28 + 16 + (-44 - -20).
20
(-5 + 0 - 2) + 16 + 12
21
Calculate 25 + 18 + -30 - (10 + -1).
4
Evaluate (-2 - -3 - 4) + (1 - (-3 + -1)).
2
Evaluate -125 + 107 - (-10 + 2).
-10
What is the value of (2 - (9 + 3 + -9)) + -7?
-8
What is 1 - (5 - (-12 + -2 + 3 + 6))?
-9
Calculate (3 + 11 - (-16 - 4)) + -8.
26
Calculate (-8 - -16 - 18) + 10.
0
Evaluate (-4 - 4) + -9 + 4 + 7.
-6
Evaluate -57 + 69 - (10 - -7).
-5
Evaluate 4 + 3 - (2 - -1) - (139 + -138).
3
Calculate (-4 - -12) + -3 - (13 - (-2 + 1)).
-9
Evaluate -1 - -3 - -7 - 6 - 4.
-1
-5 + 15 - 26 - -2
-14
What is -18 - (0 + -9 + (3 - 0) - -6)?
-18
What is -1 + 12 - (-7 - -36)?
-18
Evaluate 29 - (15 + 13) - (-3 + 1).
3
What is 9 + -1 + -1 - (156 - (-6 - -158))?
3
(8 - (-12 - -11)) + -20 + 21
10
Evaluate -8 - (15 + -13 - 8).
-2
Calculate ((-5 - 17) + 11 - -2) + 1 + -4.
-12
(1 - 3) + (-8 + -4 - (-7 - 3))
-4
Calculate 13 + -3 - (4 - -14) - (0 + 11).
-19
-2 - -4 - (-25 - -11)
16
Evaluate -10 + (17 - 4) + (-8 - -12) + 0.
7
Calculate 7 - ((1 - -3) + (-13 + 21 - 9)).
4
-3 - -7 - (-3 - (14 + -2))
19
Evaluate 15 - (3 + (-7 - -20)).
-1
What is the value of (7 - 1) + 14 + -17 + 29 + -35?
-3
What is the value of 14 + -15 + -7 - -20?
12
Evaluate 8 - (3 - (3 - (4 - 3))) - 14.
-7
(-4 - (-1 + -7)) + 8 + 1
13
Evaluate 13 + 6 + (-14 - 1).
4
What is the value of -3 - (-11 + 21 + -7)?
-6
What is the value of -183 - -211 - (-2 - -15)?
15
Evaluate -3 + 1 - (-1 - 2) - (181 - 196).
16
What is 3 + 3 - (5 - (8 + -7))?
2
What is the value of 11 + (51 - 28) - (13 + 1)?
20
-29 + (-18 - -23 - -22)
-2
(4 - 2) + 0 - (-149 - -153)
-2
What is the value of (-2 - 29) + 798 + -784?
-17
What is the value of 26 + -2 - (92 - 41)?
-27
Calculate -2 + (2 - -5) + 41 + -38.
8
What is 5 + 1 - (411 + -403)?
-2
Evaluate (-42 + 27 - 21) + 44.
8
What is the value of -1 + -14 + 456 + -446?
-5
Calculate 4 + 16 + (-14 - -9).
15
Evaluate -7 - ((0 - (-3 + 6)) + -67 + 62).
1
What is -24 + (-5 - -17 - 10)?
-22
Evaluate 0 - ((-2 + 0 + 9 - 37) + 8).
22
Evaluate 16 - (32 + -19 + -3).
6
Calculate (-3 - (2 + -4)) + -4 + -2.
-7
What is -9 + -16 - (-5 - 46)?
26
(-23 - (-20 - -26)) + 44
15
Calculate 5 + 8 + 8 + -9.
12
What is the value of (2 - 1 - (21 + -2)) + -36 + 40?
-14
What is the value of 12 - ((41 - 19) + -3 - 32)?
25
-18 - (19 - (2 - -21))
-14
Calculate 9 + (-15 - 8) + (2 - (11 - 3)).
-20
Calculate (-43 - -6) + (6 - (-7 - -16)).
-40
What is (6 - (-1 + -2)) + -15?
-6
What is the value of 4 - (10 - (2 - -3) - 6)?
5
What is 17 + (-8 - -34) + -37?
6
Evaluate 18 + -17 + 7 + -2 + (15 - 1).
20
-7 - -3 - 5 - 0 - 4
-13
Evaluate 4 - (6 + 29) - 5.
-36
12 - (1 - (12 + -30))
-7
What is the value of -32 - (684 - 697 - (1 - (0 + 8)))?
-26
1 + -17 + -8 + (-2 - -16)
-10
What is (-14 - (0 + -8)) + -10?
-16
Evaluate 0 - 0 - (-16 + -10 + 55 - -4).
-33
-2 - (4 - (1 + 11)) - (-5 + 1)
10
Evaluate -4 + (-5 - (0 + -6)) + -2 - -17.
12
1 + (-1 + 2 + 40 + -41 - 3)
-2
Calculate 5 + ((9 - (2 + 1)) + -6 - 10).
-5
0 + -3 + (-9 - (-17 + 20 - -14))
-29
What is -28 - (19 + -28 + 9 + 0 + -3)?
-25
What is the value of 1 - (10 + (-41 - 0)) - 13?
19
What is the value of (-9 - -4) + (0 - -11) + -11 + 13?
8
What is -30 + 44 - (19 + 0)?
-5
Evaluate -4 + (-9 + 6 - -8) + -5.
-4
7 + -6 + (-8 - -9) - (-6 + 1)
7
(2 - (3 + -4)) + (-11 - -1) - 6
-13
Calculate 19 - 0 - (-32 + 109 + -20).
-38
Evaluate 8 + -4 + -15 - -18.
7
Calculate -78 - -71 - (-3 - 8).
4
What is the value of 10 + 28 + -10 - (2 + 11)?
15
Evaluate 7 - (0 + -1) - (9 + -4).
3
What is the value of -22 + -1 + 14 + -3 + 6?
-6
What is (161 - 177) + 33 + -2?
15
What is 1 + -6 + (1 - 3) + (5 - -1)?
-1
What is 0 - -22 - 9 - 22?
-9
What is 12 + -9 + -2 + 6?
7
What is the value of 7 - (29 + (-25 - -12)) - (-2 - -1)?
-8
Calculate 9 - (18 - 14) - (4 + 0 - 4).
5
Evaluate 12 - (-397 + 397 + (4 - (1 - -1))).
10
Evaluate -5 + 47 + -6 + 1.
37
Evaluate (5 - 15 - -10) + (17 - 3) + 0.
14
What is the value of 11 + -1 - (14 + 2 + -6)?
0
What is 17 + (313 - 296 - (-1 - -3))?
32
(-10 - (57 - 60)) + 1 + 9
3
What is the value of -4 + (-6 - -16) - (-1 + -1) - 4?
4
Evaluate (10 - -1) + 151 + -161.
1
What is 214 - 219 - (1 - 6)?
0
What is the value of 9 - (0 + 11 + 1)?
-3
What is the value of 0 + (-1 - 5) + (-15 + 9 - -2)?
-10
Evaluate (9 + -6 - (1 + -2)) + (-5 - 6).
-7
What is the value of (-10 - -9) + (14 - 10)?
3
(-6 - 1) + (3 + -6 + -3 - -4)
-9
Evaluate -10 + 25 + -11 - (-2 + (7 - 1)).
0
(-11 - -5) + 18 - (39 + -20)
-7
2 - (12 + -7) - 1
-4
Calculate -2 - (0 + -6 + 19 + -4).
-11
What is the value of -22 - (-24 + 3 - -30)?
-31
Calculate -26 + (19 + -22 - -21).
-8
What is 18 - (-8 + 15 + 20)?
-9
What is 1 + (-1 + 13 - 10 - 22)?
-19
Calculate 4 + (-4 - (5 - 5 - -5)) - -1.
-4
What is -6 - -1 - (-22 - (10 + -37))?
-10
(-18 - -6) + 6 + 9 + 6 + 9
18
Evaluate 6 + -1 + (72 - (12 + 73)).
-8
What is the value of (-664 - -650) + (-1 - 6)?
-21
What is the value of -11 + (-2 + (27 - 13) - 20)?
-19
Evaluate -2 - -10 - (16 + -5 + -4 + -9).
10
Calculate 1 - -4 - (12 + 17 + -11).
-13
What is 11 + 2 + (-1 - 2) - (39 - 44)?
15
What is the value of (-23 - (10 - 18)) + 3?
-12
What is 5 + (4 - 5) + (-4 - 0)?
0
Calculate 16 + -17 + 4 + 6 + 1.
10
Calculate (3 - 15) + 20 - 21.
-13
Evaluate (-8 - -10) + (-1 - -3) + -5 + 2.
1
What is the value of -14 + -7 + 171 + -177?
-27
-22 - ((17 - -1) + (13 - 37))
-16
What is (-2 + 14 - 2) + 6?
16
Calculate (-2 - 1) + -2 - -13.
8
What is the value of 4 - -2 - (-6 + (9 - 1)) - 3?
1
(-13 - (-32 - -15)) + (-14 - 1)
-11
2 + (-12 - 1) + (-16 - (20 + -33))
-14
Evaluate ((0 - 1) + -14 - (-8 - -4)) + -1.
-12
Evaluate -11 - (20 + -14) - 13.
-30
What is the value of -119 + 127 + (2 - 3) + -3 + -19?
-15
Calculate (2 - 19) + 37 - 11.
9
-56 + 127 + -57 + (1 - 46)
-31
What is -6 + 6 - (4 + (-4 - (-5 - -4)))?
-1
Evaluate -9 + (7 - (-18 - -10)) - 28.
-22
What is 5 - (21 + -7) - (0 + 2)?
-11
Evaluate -21 - -28 - ((2 - 0) + 5).
0
What is the value of -21 - -3 - (1 + -4 + -5)?
-10
Calculate 18 - (71 + -30 + -27).
4
20 + (-4 - -2) + -12 + 12
18
What is -44 - -36 - ((-7 - 7) + 2)?
4
Evaluate -3 - (18 + (-21 - 3)).
3
What is the value of (-7 - -1) + 20 + 19 + -36?
-3
(-4 - 1) + 156 + -143
8
What is -1 + -3 - -4 - (-29 - -20)?
9
Evaluate -6 + (8 - 0) + 0 + -14.
-12
Calculate (-7 - 4) + 8 - 4.
-7
What is the value of 24 + (-26 - -4) + (0 + 1 - -3)?
6
11 + 0 + -18 + 1 + (-3 - 3)
-12
What is -11 - (30 + -14) - -15?
-12
-9 + (-1 - 8) + 19 + 9
10
Calculate -1 - (-17 + (-7 - -21) - (1 + 1)).
4
What is the value of (4 - 5) + 51 + -48?
2
Calculate -4 - (-6 - -7) - (-22 - (5 - 16)).
6
Evaluate (10 - (4 - 28 - 9)) + (6 - 15).
34
Calculate (6 - 3) + 0 + -5 - (-69 - -73).
-6
What is the value of -14 - ((4 - (8 - -2)) + 9)?
-17
Calculate 0 + 3 - (-6 - (6 + -9) - 0).
6
What is the value of -28 - -26 - (-5 + 3 + 0)?
0
What is (-3 - -3) + -5 + -1 - 1?
-7
Evaluate 11 + -13 + 11 + 21 + -8.
22
Evaluate -3 + -3 + 8 + (-74 - -68).
-4
What is the va